{"id":6628,"date":"2019-09-23T15:21:16","date_gmt":"2019-09-23T15:21:16","guid":{"rendered":"http:\/\/nitidoaluminio.com.ar\/web\/?page_id=6628"},"modified":"2019-11-04T18:54:10","modified_gmt":"2019-11-04T18:54:10","slug":"sistemas-de-carpinteria","status":"publish","type":"page","link":"https:\/\/nitidoaluminio.com.ar\/web\/sistemas-de-carpinteria\/","title":{"rendered":"Sistemas de carpinter\u00eda"},"content":{"rendered":"<div id=\"pl-6628\"  class=\"panel-layout\" ><div id=\"pg-6628-0\"  class=\"panel-grid panel-no-style\" ><div id=\"pgc-6628-0-0\"  class=\"panel-grid-cell\" ><div id=\"panel-6628-0-0-0\" class=\"so-panel widget widget_sow-editor panel-first-child panel-last-child\" data-index=\"0\" ><div class=\"so-widget-sow-editor so-widget-sow-editor-base\">\n<div class=\"siteorigin-widget-tinymce textwidget\">\n\t<h2 style=\"text-align: center;\">Con Ruptura de Puente T\u00e9rmico<\/h2>\n<hr \/>\n<p><span style=\"font-size: medium;\">Con estos sistemas se logra una importante reducci\u00f3n en la transmisi\u00f3n t\u00e9rmica exterior \/ interior traducido en ahorro energ\u00e9tico, evita la condensaci\u00f3n sobre la cara interior de los perfiles y en combinaci\u00f3n con el DVH (doble vidriado herm\u00e9tico) permite obtener valores elevados de aislamiento t\u00e9rmico-ac\u00fasticos.<\/span><\/p>\n<p><span style=\"font-size: medium;\">En estos sistemas el marco y la hoja de cada tipolog\u00eda est\u00e1n formados por dos perfiles (uno exterior y otro interior), unidos mec\u00e1nicamente por varillas de poliamida reforzada con fibra de vidrio, lo cual le permite un tratamiento Bi-color (uno interior y otro exterior).<\/span><\/p>\n<\/div>\n<\/div><\/div><\/div><\/div><div id=\"pg-6628-1\"  class=\"panel-grid panel-no-style\" ><div id=\"pgc-6628-1-0\"  class=\"panel-grid-cell\" ><div id=\"panel-6628-1-0-0\" class=\"so-panel widget widget_sow-editor panel-first-child\" data-index=\"1\" ><div class=\"so-widget-sow-editor so-widget-sow-editor-base\">\n<div class=\"siteorigin-widget-tinymce textwidget\">\n\t<h3 style=\"text-align: center;\"><strong>ALTEZA RPT<\/strong><\/h3>\n<\/div>\n<\/div><\/div><div id=\"panel-6628-1-0-1\" class=\"so-panel widget widget_sow-image\" data-index=\"2\" ><div class=\"so-widget-sow-image so-widget-sow-image-default-17bc2272b535-6628\">\n\n<div class=\"sow-image-container\">\n\t\t<img src=\"https:\/\/nitidoaluminio.com.ar\/web\/wp-content\/uploads\/2019\/08\/Ventana-Desplazable-270x270.jpg\" width=\"270\" height=\"270\" srcset=\"https:\/\/nitidoaluminio.com.ar\/web\/wp-content\/uploads\/2019\/08\/Ventana-Desplazable-270x270.jpg 270w, https:\/\/nitidoaluminio.com.ar\/web\/wp-content\/uploads\/2019\/08\/Ventana-Desplazable-270x270-150x150.jpg 150w\" sizes=\"(max-width: 270px) 100vw, 270px\" title=\"Ventana-Desplazable-270&#215;270\" alt=\"\" loading=\"lazy\" \t\tclass=\"so-widget-image\"\/>\n\t<\/div>\n\n<\/div><\/div><div id=\"panel-6628-1-0-2\" class=\"so-panel widget widget_sow-button panel-last-child\" data-index=\"3\" ><div class=\"so-widget-sow-button so-widget-sow-button-wire-b4f6b6b19f96-6628\"><div class=\"ow-button-base ow-button-align-center\">\n\t<a href=\"https:\/\/nitidoaluminio.com.ar\/web\/alteza-rpt\/\" class=\"ow-icon-placement-left ow-button-hover\" \t\t>\n\t\t<span>\n\t\t\t\n\t\t\tVer m\u00e1s\t\t<\/span>\n\t<\/a>\n<\/div>\n<\/div><\/div><\/div><div id=\"pgc-6628-1-1\"  class=\"panel-grid-cell\" ><div id=\"panel-6628-1-1-0\" class=\"so-panel widget widget_sow-editor panel-first-child\" data-index=\"4\" ><div class=\"so-widget-sow-editor so-widget-sow-editor-base\">\n<div class=\"siteorigin-widget-tinymce textwidget\">\n\t<h3 style=\"text-align: center;\"><strong>MODENA RPT<\/strong><\/h3>\n<\/div>\n<\/div><\/div><div id=\"panel-6628-1-1-1\" class=\"so-panel widget widget_sow-image\" data-index=\"5\" ><div class=\"so-widget-sow-image so-widget-sow-image-default-17bc2272b535-6628\">\n\n<div class=\"sow-image-container\">\n\t\t<img src=\"https:\/\/nitidoaluminio.com.ar\/web\/wp-content\/uploads\/2019\/08\/Modena-RPT.jpg\" width=\"270\" height=\"270\" srcset=\"https:\/\/nitidoaluminio.com.ar\/web\/wp-content\/uploads\/2019\/08\/Modena-RPT.jpg 270w, https:\/\/nitidoaluminio.com.ar\/web\/wp-content\/uploads\/2019\/08\/Modena-RPT-150x150.jpg 150w\" sizes=\"(max-width: 270px) 100vw, 270px\" alt=\"\" loading=\"lazy\" \t\tclass=\"so-widget-image\"\/>\n\t<\/div>\n\n<\/div><\/div><div id=\"panel-6628-1-1-2\" class=\"so-panel widget widget_sow-button panel-last-child\" data-index=\"6\" ><div class=\"so-widget-sow-button so-widget-sow-button-wire-b4f6b6b19f96-6628\"><div class=\"ow-button-base ow-button-align-center\">\n\t<a href=\"https:\/\/nitidoaluminio.com.ar\/web\/modena-rpt-2\/\" class=\"ow-icon-placement-left ow-button-hover\" \t\t>\n\t\t<span>\n\t\t\t\n\t\t\tVer m\u00e1s\t\t<\/span>\n\t<\/a>\n<\/div>\n<\/div><\/div><\/div><\/div><div id=\"pg-6628-2\"  class=\"panel-grid panel-no-style\" ><div id=\"pgc-6628-2-0\"  class=\"panel-grid-cell\" ><div id=\"panel-6628-2-0-0\" class=\"so-panel widget widget_sow-editor panel-first-child panel-last-child\" data-index=\"7\" ><div class=\"so-widget-sow-editor so-widget-sow-editor-base\">\n<div class=\"siteorigin-widget-tinymce textwidget\">\n\t<p>&nbsp;<\/p>\n<h2 style=\"text-align: center;\">Sistemas convencionales<\/h2>\n<hr \/>\n<p>&nbsp;<\/p>\n<div id=\"gtx-trans\" style=\"position: absolute; left: 678px; top: 94.9063px;\">\n<div class=\"gtx-trans-icon\">&nbsp;<\/div>\n<\/div>\n<\/div>\n<\/div><\/div><\/div><\/div><div id=\"pg-6628-3\"  class=\"panel-grid panel-no-style\" ><div id=\"pgc-6628-3-0\"  class=\"panel-grid-cell\" ><div id=\"panel-6628-3-0-0\" class=\"so-panel widget widget_sow-editor panel-first-child\" data-index=\"8\" ><div class=\"so-widget-sow-editor so-widget-sow-editor-base\">\n<div class=\"siteorigin-widget-tinymce textwidget\">\n\t<h3 style=\"text-align: center;\"><strong>ALTEZA<\/strong><\/h3>\n<\/div>\n<\/div><\/div><div id=\"panel-6628-3-0-1\" class=\"so-panel widget widget_sow-image\" data-index=\"9\" ><div class=\"so-widget-sow-image so-widget-sow-image-default-17bc2272b535-6628\">\n\n<div class=\"sow-image-container\">\n\t\t<img src=\"https:\/\/nitidoaluminio.com.ar\/web\/wp-content\/uploads\/2019\/08\/Alteza-Goss.jpg\" width=\"270\" height=\"270\" srcset=\"https:\/\/nitidoaluminio.com.ar\/web\/wp-content\/uploads\/2019\/08\/Alteza-Goss.jpg 270w, https:\/\/nitidoaluminio.com.ar\/web\/wp-content\/uploads\/2019\/08\/Alteza-Goss-150x150.jpg 150w\" sizes=\"(max-width: 270px) 100vw, 270px\" alt=\"\" loading=\"lazy\" \t\tclass=\"so-widget-image\"\/>\n\t<\/div>\n\n<\/div><\/div><div id=\"panel-6628-3-0-2\" class=\"so-panel widget widget_sow-button panel-last-child\" data-index=\"10\" ><div class=\"so-widget-sow-button so-widget-sow-button-wire-b4f6b6b19f96-6628\"><div class=\"ow-button-base ow-button-align-center\">\n\t<a href=\"https:\/\/nitidoaluminio.com.ar\/web\/alteza\/\" class=\"ow-icon-placement-left ow-button-hover\" \t\t>\n\t\t<span>\n\t\t\t\n\t\t\tVer m\u00e1s\t\t<\/span>\n\t<\/a>\n<\/div>\n<\/div><\/div><\/div><div id=\"pgc-6628-3-1\"  class=\"panel-grid-cell\" ><div id=\"panel-6628-3-1-0\" class=\"so-panel widget widget_sow-editor panel-first-child\" data-index=\"11\" ><div class=\"so-widget-sow-editor so-widget-sow-editor-base\">\n<div class=\"siteorigin-widget-tinymce textwidget\">\n\t<h3 style=\"text-align: center;\"><strong>A40<\/strong><\/h3>\n<\/div>\n<\/div><\/div><div id=\"panel-6628-3-1-1\" class=\"so-panel widget widget_sow-image\" data-index=\"12\" ><div class=\"so-widget-sow-image so-widget-sow-image-default-17bc2272b535-6628\">\n\n<div class=\"sow-image-container\">\n\t\t<img src=\"https:\/\/nitidoaluminio.com.ar\/web\/wp-content\/uploads\/2019\/08\/A40-Batiente-270x270.jpg\" width=\"270\" height=\"270\" srcset=\"https:\/\/nitidoaluminio.com.ar\/web\/wp-content\/uploads\/2019\/08\/A40-Batiente-270x270.jpg 270w, https:\/\/nitidoaluminio.com.ar\/web\/wp-content\/uploads\/2019\/08\/A40-Batiente-270x270-150x150.jpg 150w\" sizes=\"(max-width: 270px) 100vw, 270px\" title=\"A40-Batiente-270&#215;270\" alt=\"\" loading=\"lazy\" \t\tclass=\"so-widget-image\"\/>\n\t<\/div>\n\n<\/div><\/div><div id=\"panel-6628-3-1-2\" class=\"so-panel widget widget_sow-button panel-last-child\" data-index=\"13\" ><div class=\"so-widget-sow-button so-widget-sow-button-wire-b4f6b6b19f96-6628\"><div class=\"ow-button-base ow-button-align-center\">\n\t<a href=\"https:\/\/nitidoaluminio.com.ar\/web\/a-40\/\" class=\"ow-icon-placement-left ow-button-hover\" \t\t>\n\t\t<span>\n\t\t\t\n\t\t\tVer m\u00e1s\t\t<\/span>\n\t<\/a>\n<\/div>\n<\/div><\/div><\/div><div id=\"pgc-6628-3-2\"  class=\"panel-grid-cell\" ><div id=\"panel-6628-3-2-0\" class=\"so-panel widget widget_sow-editor panel-first-child\" data-index=\"14\" ><div class=\"so-widget-sow-editor so-widget-sow-editor-base\">\n<div class=\"siteorigin-widget-tinymce textwidget\">\n\t<h3 style=\"text-align: center;\"><strong>A30 NEW<\/strong><\/h3>\n<\/div>\n<\/div><\/div><div id=\"panel-6628-3-2-1\" class=\"so-panel widget widget_sow-image\" data-index=\"15\" ><div class=\"so-widget-sow-image so-widget-sow-image-default-17bc2272b535-6628\">\n\n<div class=\"sow-image-container\">\n\t\t<img src=\"https:\/\/nitidoaluminio.com.ar\/web\/wp-content\/uploads\/2019\/08\/A30-New-Batiente-270x270.jpg\" width=\"270\" height=\"270\" srcset=\"https:\/\/nitidoaluminio.com.ar\/web\/wp-content\/uploads\/2019\/08\/A30-New-Batiente-270x270.jpg 270w, https:\/\/nitidoaluminio.com.ar\/web\/wp-content\/uploads\/2019\/08\/A30-New-Batiente-270x270-150x150.jpg 150w\" sizes=\"(max-width: 270px) 100vw, 270px\" title=\"A30-New-Batiente-270&#215;270\" alt=\"\" loading=\"lazy\" \t\tclass=\"so-widget-image\"\/>\n\t<\/div>\n\n<\/div><\/div><div id=\"panel-6628-3-2-2\" class=\"so-panel widget widget_sow-button panel-last-child\" data-index=\"16\" ><div class=\"so-widget-sow-button so-widget-sow-button-wire-b4f6b6b19f96-6628\"><div class=\"ow-button-base ow-button-align-center\">\n\t<a href=\"https:\/\/nitidoaluminio.com.ar\/web\/a-30-new\/\" class=\"ow-icon-placement-left ow-button-hover\" \t\t>\n\t\t<span>\n\t\t\t\n\t\t\tVer m\u00e1s\t\t<\/span>\n\t<\/a>\n<\/div>\n<\/div><\/div><\/div><\/div><div id=\"pg-6628-4\"  class=\"panel-grid panel-no-style\" ><div id=\"pgc-6628-4-0\"  class=\"panel-grid-cell\" ><div id=\"panel-6628-4-0-0\" class=\"so-panel widget widget_sow-editor panel-first-child\" data-index=\"17\" ><div class=\"so-widget-sow-editor so-widget-sow-editor-base\">\n<div class=\"siteorigin-widget-tinymce textwidget\">\n\t<h3 style=\"text-align: center;\"><strong>MODENA 2<\/strong><\/h3>\n<\/div>\n<\/div><\/div><div id=\"panel-6628-4-0-1\" class=\"so-panel widget widget_sow-image\" data-index=\"18\" ><div class=\"so-widget-sow-image so-widget-sow-image-default-17bc2272b535-6628\">\n\n<div class=\"sow-image-container\">\n\t\t<img src=\"https:\/\/nitidoaluminio.com.ar\/web\/wp-content\/uploads\/2019\/08\/Modena-2-270x270.jpg\" width=\"270\" height=\"270\" srcset=\"https:\/\/nitidoaluminio.com.ar\/web\/wp-content\/uploads\/2019\/08\/Modena-2-270x270.jpg 270w, https:\/\/nitidoaluminio.com.ar\/web\/wp-content\/uploads\/2019\/08\/Modena-2-270x270-150x150.jpg 150w\" sizes=\"(max-width: 270px) 100vw, 270px\" title=\"Modena-2-270&#215;270\" alt=\"\" loading=\"lazy\" \t\tclass=\"so-widget-image\"\/>\n\t<\/div>\n\n<\/div><\/div><div id=\"panel-6628-4-0-2\" class=\"so-panel widget widget_sow-button panel-last-child\" data-index=\"19\" ><div class=\"so-widget-sow-button so-widget-sow-button-wire-b4f6b6b19f96-6628\"><div class=\"ow-button-base ow-button-align-center\">\n\t<a href=\"https:\/\/nitidoaluminio.com.ar\/web\/modena-2\/\" class=\"ow-icon-placement-left ow-button-hover\" \t\t>\n\t\t<span>\n\t\t\t\n\t\t\tVer m\u00e1s\t\t<\/span>\n\t<\/a>\n<\/div>\n<\/div><\/div><\/div><div id=\"pgc-6628-4-1\"  class=\"panel-grid-cell\" ><div id=\"panel-6628-4-1-0\" class=\"so-panel widget widget_sow-editor panel-first-child\" data-index=\"20\" ><div class=\"so-widget-sow-editor so-widget-sow-editor-base\">\n<div class=\"siteorigin-widget-tinymce textwidget\">\n\t<h3 style=\"text-align: center;\"><strong>VESTA<\/strong><\/h3>\n<\/div>\n<\/div><\/div><div id=\"panel-6628-4-1-1\" class=\"so-panel widget widget_sow-image\" data-index=\"21\" ><div class=\"so-widget-sow-image so-widget-sow-image-default-17bc2272b535-6628\">\n\n<div class=\"sow-image-container\">\n\t\t<img src=\"https:\/\/nitidoaluminio.com.ar\/web\/wp-content\/uploads\/2019\/08\/Vesta.jpg\" width=\"270\" height=\"270\" srcset=\"https:\/\/nitidoaluminio.com.ar\/web\/wp-content\/uploads\/2019\/08\/Vesta.jpg 270w, https:\/\/nitidoaluminio.com.ar\/web\/wp-content\/uploads\/2019\/08\/Vesta-150x150.jpg 150w\" sizes=\"(max-width: 270px) 100vw, 270px\" alt=\"\" loading=\"lazy\" \t\tclass=\"so-widget-image\"\/>\n\t<\/div>\n\n<\/div><\/div><div id=\"panel-6628-4-1-2\" class=\"so-panel widget widget_sow-button panel-last-child\" data-index=\"22\" ><div class=\"so-widget-sow-button so-widget-sow-button-wire-b4f6b6b19f96-6628\"><div class=\"ow-button-base ow-button-align-center\">\n\t<a href=\"https:\/\/nitidoaluminio.com.ar\/web\/vesta-2\/\" class=\"ow-icon-placement-left ow-button-hover\" \t\t>\n\t\t<span>\n\t\t\t\n\t\t\tVer m\u00e1s\t\t<\/span>\n\t<\/a>\n<\/div>\n<\/div><\/div><\/div><div id=\"pgc-6628-4-2\"  class=\"panel-grid-cell\" ><div id=\"panel-6628-4-2-0\" class=\"so-panel widget widget_sow-editor panel-first-child\" data-index=\"23\" ><div class=\"so-widget-sow-editor so-widget-sow-editor-base\">\n<div class=\"siteorigin-widget-tinymce textwidget\">\n\t<h3 style=\"text-align: center;\"><strong>EKONAL<\/strong><\/h3>\n<\/div>\n<\/div><\/div><div id=\"panel-6628-4-2-1\" class=\"so-panel widget widget_sow-image\" data-index=\"24\" ><div class=\"so-widget-sow-image so-widget-sow-image-default-17bc2272b535-6628\">\n\n<div class=\"sow-image-container\">\n\t\t<img src=\"https:\/\/nitidoaluminio.com.ar\/web\/wp-content\/uploads\/2019\/08\/Ekonal-V-Corrediza.jpg\" width=\"270\" height=\"270\" srcset=\"https:\/\/nitidoaluminio.com.ar\/web\/wp-content\/uploads\/2019\/08\/Ekonal-V-Corrediza.jpg 270w, https:\/\/nitidoaluminio.com.ar\/web\/wp-content\/uploads\/2019\/08\/Ekonal-V-Corrediza-150x150.jpg 150w\" sizes=\"(max-width: 270px) 100vw, 270px\" alt=\"\" loading=\"lazy\" \t\tclass=\"so-widget-image\"\/>\n\t<\/div>\n\n<\/div><\/div><div id=\"panel-6628-4-2-2\" class=\"so-panel widget widget_sow-button panel-last-child\" data-index=\"25\" ><div class=\"so-widget-sow-button so-widget-sow-button-wire-b4f6b6b19f96-6628\"><div class=\"ow-button-base ow-button-align-center\">\n\t<a href=\"https:\/\/nitidoaluminio.com.ar\/web\/ekonal\/\" class=\"ow-icon-placement-left ow-button-hover\" \t\t>\n\t\t<span>\n\t\t\t\n\t\t\tVer m\u00e1s\t\t<\/span>\n\t<\/a>\n<\/div>\n<\/div><\/div><\/div><\/div><div id=\"pg-6628-5\"  class=\"panel-grid panel-no-style\" ><div id=\"pgc-6628-5-0\"  class=\"panel-grid-cell\" ><div id=\"panel-6628-5-0-0\" class=\"so-panel widget widget_sow-editor panel-first-child panel-last-child\" data-index=\"26\" ><div class=\"so-widget-sow-editor so-widget-sow-editor-base\">\n<div class=\"siteorigin-widget-tinymce textwidget\">\n\t<h2 style=\"text-align: center;\">Fachadas integrales<\/h2>\n<hr>\n<p>&nbsp;<\/p>\n<\/div>\n<\/div><\/div><\/div><\/div><div id=\"pg-6628-6\"  class=\"panel-grid panel-no-style\" ><div id=\"pgc-6628-6-0\"  class=\"panel-grid-cell\" ><div id=\"panel-6628-6-0-0\" class=\"so-panel widget widget_sow-editor panel-first-child\" data-index=\"27\" ><div class=\"so-widget-sow-editor so-widget-sow-editor-base\">\n<div class=\"siteorigin-widget-tinymce textwidget\">\n\t<h3 style=\"text-align: center;\"><strong>FRENTE INTEGRAL<\/strong><\/h3>\n<\/div>\n<\/div><\/div><div id=\"panel-6628-6-0-1\" class=\"so-panel widget widget_sow-image\" data-index=\"28\" ><div class=\"so-widget-sow-image so-widget-sow-image-default-17bc2272b535-6628\">\n\n<div class=\"sow-image-container\">\n\t\t<img src=\"https:\/\/nitidoaluminio.com.ar\/web\/wp-content\/uploads\/2019\/08\/Fachada-integral-270x270.jpg\" width=\"270\" height=\"270\" srcset=\"https:\/\/nitidoaluminio.com.ar\/web\/wp-content\/uploads\/2019\/08\/Fachada-integral-270x270.jpg 270w, https:\/\/nitidoaluminio.com.ar\/web\/wp-content\/uploads\/2019\/08\/Fachada-integral-270x270-150x150.jpg 150w\" sizes=\"(max-width: 270px) 100vw, 270px\" title=\"Fachada-integral-270&#215;270\" alt=\"\" loading=\"lazy\" \t\tclass=\"so-widget-image\"\/>\n\t<\/div>\n\n<\/div><\/div><div id=\"panel-6628-6-0-2\" class=\"so-panel widget widget_sow-button panel-last-child\" data-index=\"29\" ><div class=\"so-widget-sow-button so-widget-sow-button-wire-b4f6b6b19f96-6628\"><div class=\"ow-button-base ow-button-align-center\">\n\t<a href=\"https:\/\/nitidoaluminio.com.ar\/web\/frente-integral\/\" class=\"ow-icon-placement-left ow-button-hover\" \t\t>\n\t\t<span>\n\t\t\t\n\t\t\tVer m\u00e1s\t\t<\/span>\n\t<\/a>\n<\/div>\n<\/div><\/div><\/div><div id=\"pgc-6628-6-1\"  class=\"panel-grid-cell\" ><div id=\"panel-6628-6-1-0\" class=\"so-panel widget widget_sow-editor panel-first-child\" data-index=\"30\" ><div class=\"so-widget-sow-editor so-widget-sow-editor-base\">\n<div class=\"siteorigin-widget-tinymce textwidget\">\n\t<h3 style=\"text-align: center;\"><strong>PIEL DE VIDRIO<\/strong><\/h3>\n<\/div>\n<\/div><\/div><div id=\"panel-6628-6-1-1\" class=\"so-panel widget widget_sow-image\" data-index=\"31\" ><div class=\"so-widget-sow-image so-widget-sow-image-default-17bc2272b535-6628\">\n\n<div class=\"sow-image-container\">\n\t\t<img src=\"https:\/\/nitidoaluminio.com.ar\/web\/wp-content\/uploads\/2019\/08\/Piel-de-Vidrio-270x270.jpg\" width=\"270\" height=\"270\" srcset=\"https:\/\/nitidoaluminio.com.ar\/web\/wp-content\/uploads\/2019\/08\/Piel-de-Vidrio-270x270.jpg 270w, https:\/\/nitidoaluminio.com.ar\/web\/wp-content\/uploads\/2019\/08\/Piel-de-Vidrio-270x270-150x150.jpg 150w\" sizes=\"(max-width: 270px) 100vw, 270px\" title=\"Piel-de-Vidrio-270&#215;270\" alt=\"\" loading=\"lazy\" \t\tclass=\"so-widget-image\"\/>\n\t<\/div>\n\n<\/div><\/div><div id=\"panel-6628-6-1-2\" class=\"so-panel widget widget_sow-button panel-last-child\" data-index=\"32\" ><div class=\"so-widget-sow-button so-widget-sow-button-wire-b4f6b6b19f96-6628\"><div class=\"ow-button-base ow-button-align-center\">\n\t<a href=\"https:\/\/nitidoaluminio.com.ar\/web\/piel-de-vidrio\/\" class=\"ow-icon-placement-left ow-button-hover\" \t\t>\n\t\t<span>\n\t\t\t\n\t\t\tVer m\u00e1s\t\t<\/span>\n\t<\/a>\n<\/div>\n<\/div><\/div><\/div><\/div><div id=\"pg-6628-7\"  class=\"panel-grid panel-no-style\" ><div id=\"pgc-6628-7-0\"  class=\"panel-grid-cell\" ><div id=\"panel-6628-7-0-0\" class=\"so-panel widget widget_sow-editor panel-first-child\" data-index=\"33\" ><div class=\"so-widget-sow-editor so-widget-sow-editor-base\">\n<div class=\"siteorigin-widget-tinymce textwidget\">\n\t<hr \/>\n<p>&nbsp;<\/p>\n<\/div>\n<\/div><\/div><div id=\"panel-6628-7-0-1\" class=\"so-panel widget widget_sow-image panel-last-child\" data-index=\"34\" ><div class=\"so-widget-sow-image so-widget-sow-image-default-17bc2272b535-6628\">\n\n<div class=\"sow-image-container\">\n\t\t\t<a\n\t\t\thref=\"https:\/\/nitidoaluminio.com.ar\/web\/contacto\/\"\n\t\t\t\t\t>\n\t\t\t<img src=\"https:\/\/nitidoaluminio.com.ar\/web\/wp-content\/uploads\/2019\/11\/Icono-Contacto-120x120.png\" width=\"120\" height=\"120\" sizes=\"(max-width: 120px) 100vw, 120px\" title=\"Icono-Contacto-120&#215;120\" alt=\"\" loading=\"lazy\" \t\tclass=\"so-widget-image\"\/>\n\t<\/a><\/div>\n\n<\/div><\/div><\/div><\/div><\/div>","protected":false},"excerpt":{"rendered":"<p>Con Ruptura de Puente T\u00e9rmico Con estos sistemas se logra una importante reducci\u00f3n en la transmisi\u00f3n t\u00e9rmica exterior \/ interior traducido en ahorro energ\u00e9tico, evita la condensaci\u00f3n sobre la cara interior de los perfiles y en combinaci\u00f3n con el DVH (doble vidriado herm\u00e9tico) permite obtener valores elevados de aislamiento t\u00e9rmico-ac\u00fasticos. En estos sistemas el marco&#8230; <\/p>\n","protected":false},"author":2,"featured_media":6695,"parent":0,"menu_order":0,"comment_status":"closed","ping_status":"closed","template":"full-width.php","meta":{"ngg_post_thumbnail":0},"_links":{"self":[{"href":"https:\/\/nitidoaluminio.com.ar\/web\/wp-json\/wp\/v2\/pages\/6628"}],"collection":[{"href":"https:\/\/nitidoaluminio.com.ar\/web\/wp-json\/wp\/v2\/pages"}],"about":[{"href":"https:\/\/nitidoaluminio.com.ar\/web\/wp-json\/wp\/v2\/types\/page"}],"author":[{"embeddable":true,"href":"https:\/\/nitidoaluminio.com.ar\/web\/wp-json\/wp\/v2\/users\/2"}],"replies":[{"embeddable":true,"href":"https:\/\/nitidoaluminio.com.ar\/web\/wp-json\/wp\/v2\/comments?post=6628"}],"version-history":[{"count":18,"href":"https:\/\/nitidoaluminio.com.ar\/web\/wp-json\/wp\/v2\/pages\/6628\/revisions"}],"predecessor-version":[{"id":6887,"href":"https:\/\/nitidoaluminio.com.ar\/web\/wp-json\/wp\/v2\/pages\/6628\/revisions\/6887"}],"wp:featuredmedia":[{"embeddable":true,"href":"https:\/\/nitidoaluminio.com.ar\/web\/wp-json\/wp\/v2\/media\/6695"}],"wp:attachment":[{"href":"https:\/\/nitidoaluminio.com.ar\/web\/wp-json\/wp\/v2\/media?parent=6628"}],"curies":[{"name":"wp","href":"https:\/\/api.w.org\/{rel}","templated":true}]}}