{"id":6423,"date":"2019-08-23T19:05:51","date_gmt":"2019-08-23T19:05:51","guid":{"rendered":"http:\/\/nitidoaluminio.com.ar\/web\/?page_id=6423"},"modified":"2019-10-25T17:49:13","modified_gmt":"2019-10-25T17:49:13","slug":"frente-integral","status":"publish","type":"page","link":"https:\/\/nitidoaluminio.com.ar\/web\/frente-integral\/","title":{"rendered":"Frente integral"},"content":{"rendered":"<div id=\"pl-6423\"  class=\"panel-layout\" ><div id=\"pg-6423-0\"  class=\"panel-grid panel-no-style\" ><div id=\"pgc-6423-0-0\"  class=\"panel-grid-cell\" ><div id=\"panel-6423-0-0-0\" class=\"so-panel widget widget_sow-editor panel-first-child panel-last-child\" data-index=\"0\" ><div class=\"so-widget-sow-editor so-widget-sow-editor-base\">\n<div class=\"siteorigin-widget-tinymce textwidget\">\n\t<p><span style=\"font-size: medium;\">Es un Sistema de Fachada Continua dise\u00f1ado para resolver fachadas comerciales. Se compone de columnas y travesa\u00f1os que se unen entre s\u00ed, permitiendo realizar pa\u00f1os fijos. El sistema Frente integral dispone de varias columnas con distintas inercias para su utilizaci\u00f3n seg\u00fan los condicionantes de la fachada. El sistema est\u00e1 compuesto por columna, travesa\u00f1o, prensa y tapa exterior y es posible la incorporaci\u00f3n de ventanas batientes o de proyecci\u00f3n. <\/span><\/p>\n<\/div>\n<\/div><\/div><\/div><div id=\"pgc-6423-0-1\"  class=\"panel-grid-cell\" ><div id=\"panel-6423-0-1-0\" class=\"so-panel widget widget_sow-accordion panel-first-child\" data-index=\"1\" ><div class=\"so-widget-sow-accordion so-widget-sow-accordion-default-99be652ed941-6423\"><div>\n\t<div class=\"sow-accordion\">\n\t\t\t<div class=\"sow-accordion-panel\"\n\t\t\t data-anchor=\"tipolog%c3%adas-disponibles\">\n\t\t\t\t<div class=\"sow-accordion-panel-header-container\" role=\"heading\" aria-level=\"2\">\n\t\t\t\t\t<div class=\"sow-accordion-panel-header\" tabindex=\"0\" role=\"button\" id=\"accordion-label-tipolog%c3%adas-disponibles\" aria-controls=\"accordion-content-tipolog%c3%adas-disponibles\" aria-expanded=\"false\">\n\t\t\t\t\t\t<div class=\"sow-accordion-title sow-accordion-title-icon-left\">\n\t\t\t\t\t\t\t\t\t\t\t\t\t\tTipolog\u00edas disponibles\t\t\t\t\t\t\t\t\t\t\t\t\t<\/div>\n\t\t\t\t\t\t<div class=\"sow-accordion-open-close-button\">\n\t\t\t\t\t\t\t<div class=\"sow-accordion-open-button\">\n\t\t\t\t\t\t\t\t<span class=\"sow-icon-ionicons\" data-sow-icon=\"&#xf218;\"\n\t\t ><\/span>\t\t\t\t\t\t\t<\/div>\n\t\t\t\t\t\t\t<div class=\"sow-accordion-close-button\">\n\t\t\t\t\t\t\t\t<span class=\"sow-icon-ionicons\" data-sow-icon=\"&#xf209;\"\n\t\t ><\/span>\t\t\t\t\t\t\t<\/div>\n\t\t\t\t\t\t<\/div>\n\t\t\t\t\t<\/div>\n\t\t\t\t<\/div>\n\n\t\t\t<div class=\"sow-accordion-panel-content\" role=\"region\" aria-labelledby=\"accordion-label-tipolog%c3%adas-disponibles\" id=\"accordion-content-tipolog%c3%adas-disponibles\">\n\t\t\t\t<div class=\"sow-accordion-panel-border\" tabindex=\"0\">\n\t\t\t\t\t<p>\u2022Sistema de 60 mm o 110 mm de vista frontal<\/p>\n<p>\u2022Se pueden incorporar tipolog\u00edas del resto de los sistemas de carpinter\u00eda al sistema<\/p>\n\t\t\t\t<\/div>\n\t\t\t<\/div>\n\t\t<\/div>\n\t\t<\/div>\n<\/div>\n<\/div><\/div><div id=\"panel-6423-0-1-1\" class=\"so-panel widget widget_sow-image panel-last-child\" data-index=\"2\" ><div class=\"so-widget-sow-image so-widget-sow-image-default-17bc2272b535-6423\">\n\n<div class=\"sow-image-container\">\n\t\t<img src=\"https:\/\/nitidoaluminio.com.ar\/web\/wp-content\/uploads\/2019\/08\/Fachada-integral-270x270.jpg\" width=\"270\" height=\"270\" srcset=\"https:\/\/nitidoaluminio.com.ar\/web\/wp-content\/uploads\/2019\/08\/Fachada-integral-270x270.jpg 270w, https:\/\/nitidoaluminio.com.ar\/web\/wp-content\/uploads\/2019\/08\/Fachada-integral-270x270-150x150.jpg 150w\" sizes=\"(max-width: 270px) 100vw, 270px\" title=\"Fachada-integral-270&#215;270\" alt=\"\" loading=\"lazy\" \t\tclass=\"so-widget-image\"\/>\n\t<\/div>\n\n<\/div><\/div><\/div><\/div><\/div>","protected":false},"excerpt":{"rendered":"<p>Es un Sistema de Fachada Continua dise\u00f1ado para resolver fachadas comerciales. Se compone de columnas y travesa\u00f1os que se unen entre s\u00ed, permitiendo realizar pa\u00f1os fijos. El sistema Frente integral dispone de varias columnas con distintas inercias para su utilizaci\u00f3n seg\u00fan los condicionantes de la fachada. El sistema est\u00e1 compuesto por columna, travesa\u00f1o, prensa y&#8230; <\/p>\n","protected":false},"author":2,"featured_media":6695,"parent":0,"menu_order":0,"comment_status":"closed","ping_status":"closed","template":"full-width.php","meta":{"ngg_post_thumbnail":0},"_links":{"self":[{"href":"https:\/\/nitidoaluminio.com.ar\/web\/wp-json\/wp\/v2\/pages\/6423"}],"collection":[{"href":"https:\/\/nitidoaluminio.com.ar\/web\/wp-json\/wp\/v2\/pages"}],"about":[{"href":"https:\/\/nitidoaluminio.com.ar\/web\/wp-json\/wp\/v2\/types\/page"}],"author":[{"embeddable":true,"href":"https:\/\/nitidoaluminio.com.ar\/web\/wp-json\/wp\/v2\/users\/2"}],"replies":[{"embeddable":true,"href":"https:\/\/nitidoaluminio.com.ar\/web\/wp-json\/wp\/v2\/comments?post=6423"}],"version-history":[{"count":3,"href":"https:\/\/nitidoaluminio.com.ar\/web\/wp-json\/wp\/v2\/pages\/6423\/revisions"}],"predecessor-version":[{"id":6426,"href":"https:\/\/nitidoaluminio.com.ar\/web\/wp-json\/wp\/v2\/pages\/6423\/revisions\/6426"}],"wp:featuredmedia":[{"embeddable":true,"href":"https:\/\/nitidoaluminio.com.ar\/web\/wp-json\/wp\/v2\/media\/6695"}],"wp:attachment":[{"href":"https:\/\/nitidoaluminio.com.ar\/web\/wp-json\/wp\/v2\/media?parent=6423"}],"curies":[{"name":"wp","href":"https:\/\/api.w.org\/{rel}","templated":true}]}}

<div id="pl-6423"  class="panel-layout" ><div id="pg-6423-0"  class="panel-grid panel-no-style" ><div id="pgc-6423-0-0"  class="panel-grid-cell" ><div id="panel-6423-0-0-0" class="so-panel widget widget_sow-editor panel-first-child panel-last-child" data-index="0" ><div class="so-widget-sow-editor so-widget-sow-editor-base">
<div class="siteorigin-widget-tinymce textwidget">
	<p><span style="font-size: medium;">Es un Sistema de Fachada Continua diseñado para resolver fachadas comerciales. Se compone de columnas y travesaños que se unen entre sí, permitiendo realizar paños fijos. El sistema Frente integral dispone de varias columnas con distintas inercias para su utilización según los condicionantes de la fachada. El sistema está compuesto por columna, travesaño, prensa y tapa exterior y es posible la incorporación de ventanas batientes o de proyección. </span></p>
</div>
</div></div></div><div id="pgc-6423-0-1"  class="panel-grid-cell" ><div id="panel-6423-0-1-0" class="so-panel widget widget_sow-accordion panel-first-child" data-index="1" ><div class="so-widget-sow-accordion so-widget-sow-accordion-default-99be652ed941-6423"><div>
	<div class="sow-accordion">
			<div class="sow-accordion-panel"
			 data-anchor="tipolog%c3%adas-disponibles">
				<div class="sow-accordion-panel-header-container" role="heading" aria-level="2">
					<div class="sow-accordion-panel-header" tabindex="0" role="button" id="accordion-label-tipolog%c3%adas-disponibles" aria-controls="accordion-content-tipolog%c3%adas-disponibles" aria-expanded="false">
						<div class="sow-accordion-title sow-accordion-title-icon-left">
														Tipologías disponibles													</div>
						<div class="sow-accordion-open-close-button">
							<div class="sow-accordion-open-button">
								<span class="sow-icon-ionicons" data-sow-icon="&#xf218;"
		 ></span>							</div>
							<div class="sow-accordion-close-button">
								<span class="sow-icon-ionicons" data-sow-icon="&#xf209;"
		 ></span>							</div>
						</div>
					</div>
				</div>

			<div class="sow-accordion-panel-content" role="region" aria-labelledby="accordion-label-tipolog%c3%adas-disponibles" id="accordion-content-tipolog%c3%adas-disponibles">
				<div class="sow-accordion-panel-border" tabindex="0">
					<p>•Sistema de 60 mm o 110 mm de vista frontal</p>
<p>•Se pueden incorporar tipologías del resto de los sistemas de carpintería al sistema</p>
				</div>
			</div>
		</div>
		</div>
</div>
</div></div><div id="panel-6423-0-1-1" class="so-panel widget widget_sow-image panel-last-child" data-index="2" ><div class="so-widget-sow-image so-widget-sow-image-default-17bc2272b535-6423">

<div class="sow-image-container">
		<img src="https://nitidoaluminio.com.ar/web/wp-content/uploads/2019/08/Fachada-integral-270x270.jpg" width="270" height="270" srcset="https://nitidoaluminio.com.ar/web/wp-content/uploads/2019/08/Fachada-integral-270x270.jpg 270w, https://nitidoaluminio.com.ar/web/wp-content/uploads/2019/08/Fachada-integral-270x270-150x150.jpg 150w" sizes="(max-width: 270px) 100vw, 270px" title="Fachada-integral-270&#215;270" alt="" loading="lazy" 		class="so-widget-image"/>
	</div>

</div></div></div></div></div>

<p>Es un Sistema de Fachada Continua diseñado para resolver fachadas comerciales. Se compone de columnas y travesaños que se unen entre sí, permitiendo realizar paños fijos. El sistema Frente integral dispone de varias columnas con distintas inercias para su utilización según los condicionantes de la fachada. El sistema está compuesto por columna, travesaño, prensa y&#8230; </p>
