{"id":6402,"date":"2019-08-23T18:55:31","date_gmt":"2019-08-23T18:55:31","guid":{"rendered":"http:\/\/nitidoaluminio.com.ar\/web\/?page_id=6402"},"modified":"2019-10-25T17:57:16","modified_gmt":"2019-10-25T17:57:16","slug":"vesta-2","status":"publish","type":"page","link":"https:\/\/nitidoaluminio.com.ar\/web\/vesta-2\/","title":{"rendered":"Vesta"},"content":{"rendered":"<div id=\"pl-6402\"  class=\"panel-layout\" ><div id=\"pg-6402-0\"  class=\"panel-grid panel-no-style\" ><div id=\"pgc-6402-0-0\"  class=\"panel-grid-cell\" ><div id=\"panel-6402-0-0-0\" class=\"so-panel widget widget_sow-editor panel-first-child panel-last-child\" data-index=\"0\" ><div class=\"so-widget-sow-editor so-widget-sow-editor-base\">\n<div class=\"siteorigin-widget-tinymce textwidget\">\n\t<p>\t<span style=\"font-size: medium;\">Este sistema brinda una soluci\u00f3n pr\u00e1ctica y de calidad a las viviendas tipo y edificios, de acuerdo a los est\u00e1ndares constructivos y arquitect\u00f3nicos de la actualidad. El dise\u00f1o de este sistema permite la combinaci\u00f3n con perfiles de l\u00edneas b\u00e1sicas, logrando excelente resultados de funcionalidad y precio. <\/span><\/p>\n<\/div>\n<\/div><\/div><\/div><div id=\"pgc-6402-0-1\"  class=\"panel-grid-cell\" ><div id=\"panel-6402-0-1-0\" class=\"so-panel widget widget_sow-accordion panel-first-child panel-last-child\" data-index=\"1\" ><div class=\"so-widget-sow-accordion so-widget-sow-accordion-default-99be652ed941-6402\"><div>\n\t<div class=\"sow-accordion\">\n\t\t\t<div class=\"sow-accordion-panel\"\n\t\t\t data-anchor=\"tipolog%c3%adas-disponibles\">\n\t\t\t\t<div class=\"sow-accordion-panel-header-container\" role=\"heading\" aria-level=\"2\">\n\t\t\t\t\t<div class=\"sow-accordion-panel-header\" tabindex=\"0\" role=\"button\" id=\"accordion-label-tipolog%c3%adas-disponibles\" aria-controls=\"accordion-content-tipolog%c3%adas-disponibles\" aria-expanded=\"false\">\n\t\t\t\t\t\t<div class=\"sow-accordion-title sow-accordion-title-icon-left\">\n\t\t\t\t\t\t\t\t\t\t\t\t\t\tTipolog\u00edas disponibles\t\t\t\t\t\t\t\t\t\t\t\t\t<\/div>\n\t\t\t\t\t\t<div class=\"sow-accordion-open-close-button\">\n\t\t\t\t\t\t\t<div class=\"sow-accordion-open-button\">\n\t\t\t\t\t\t\t\t<span class=\"sow-icon-ionicons\" data-sow-icon=\"&#xf218;\"\n\t\t ><\/span>\t\t\t\t\t\t\t<\/div>\n\t\t\t\t\t\t\t<div class=\"sow-accordion-close-button\">\n\t\t\t\t\t\t\t\t<span class=\"sow-icon-ionicons\" data-sow-icon=\"&#xf209;\"\n\t\t ><\/span>\t\t\t\t\t\t\t<\/div>\n\t\t\t\t\t\t<\/div>\n\t\t\t\t\t<\/div>\n\t\t\t\t<\/div>\n\n\t\t\t<div class=\"sow-accordion-panel-content\" role=\"region\" aria-labelledby=\"accordion-label-tipolog%c3%adas-disponibles\" id=\"accordion-content-tipolog%c3%adas-disponibles\">\n\t\t\t\t<div class=\"sow-accordion-panel-border\" tabindex=\"0\">\n\t\t\t\t\t\u2022Ventana desplazable<\/p>\n\u2022Pa\u00f1o fijo<\/p>\n\u2022Ventana de abrir oscilobatiente<\/p>\n\u2022Puerta de rebatir<\/p>\n\u2022Ventana banderola<\/p>\n\u2022Ventana ventiluz<\/p>\n\u2022Ventana y puerta corrediza a 45\u00ba<\/p>\n\t\t\t\t<\/div>\n\t\t\t<\/div>\n\t\t<\/div>\n\t\t<\/div>\n<\/div>\n<\/div><\/div><\/div><\/div><div id=\"pg-6402-1\"  class=\"panel-grid panel-no-style\" ><div id=\"pgc-6402-1-0\"  class=\"panel-grid-cell\" ><div id=\"panel-6402-1-0-0\" class=\"so-panel widget widget_sow-image panel-first-child panel-last-child\" data-index=\"2\" ><div class=\"so-widget-sow-image so-widget-sow-image-default-17bc2272b535-6402\">\n\n<div class=\"sow-image-container\">\n\t\t<img src=\"https:\/\/nitidoaluminio.com.ar\/web\/wp-content\/uploads\/2019\/08\/Vesta.jpg\" width=\"270\" height=\"270\" srcset=\"https:\/\/nitidoaluminio.com.ar\/web\/wp-content\/uploads\/2019\/08\/Vesta.jpg 270w, https:\/\/nitidoaluminio.com.ar\/web\/wp-content\/uploads\/2019\/08\/Vesta-150x150.jpg 150w\" sizes=\"(max-width: 270px) 100vw, 270px\" alt=\"\" loading=\"lazy\" \t\tclass=\"so-widget-image\"\/>\n\t<\/div>\n\n<\/div><\/div><\/div><div id=\"pgc-6402-1-1\"  class=\"panel-grid-cell\" ><div id=\"panel-6402-1-1-0\" class=\"so-panel widget widget_sow-image panel-first-child panel-last-child\" data-index=\"3\" ><div class=\"so-widget-sow-image so-widget-sow-image-default-17bc2272b535-6402\">\n\n<div class=\"sow-image-container\">\n\t\t<img src=\"https:\/\/nitidoaluminio.com.ar\/web\/wp-content\/uploads\/2019\/08\/Vesta-Corrediza.jpg\" width=\"270\" height=\"270\" srcset=\"https:\/\/nitidoaluminio.com.ar\/web\/wp-content\/uploads\/2019\/08\/Vesta-Corrediza.jpg 270w, https:\/\/nitidoaluminio.com.ar\/web\/wp-content\/uploads\/2019\/08\/Vesta-Corrediza-150x150.jpg 150w\" sizes=\"(max-width: 270px) 100vw, 270px\" alt=\"\" loading=\"lazy\" \t\tclass=\"so-widget-image\"\/>\n\t<\/div>\n\n<\/div><\/div><\/div><\/div><\/div>","protected":false},"excerpt":{"rendered":"<p>Este sistema brinda una soluci\u00f3n pr\u00e1ctica y de calidad a las viviendas tipo y edificios, de acuerdo a los est\u00e1ndares constructivos y arquitect\u00f3nicos de la actualidad. El dise\u00f1o de este sistema permite la combinaci\u00f3n con perfiles de l\u00edneas b\u00e1sicas, logrando excelente resultados de funcionalidad y precio.<\/p>\n","protected":false},"author":2,"featured_media":6695,"parent":0,"menu_order":0,"comment_status":"closed","ping_status":"closed","template":"full-width.php","meta":{"ngg_post_thumbnail":0},"_links":{"self":[{"href":"https:\/\/nitidoaluminio.com.ar\/web\/wp-json\/wp\/v2\/pages\/6402"}],"collection":[{"href":"https:\/\/nitidoaluminio.com.ar\/web\/wp-json\/wp\/v2\/pages"}],"about":[{"href":"https:\/\/nitidoaluminio.com.ar\/web\/wp-json\/wp\/v2\/types\/page"}],"author":[{"embeddable":true,"href":"https:\/\/nitidoaluminio.com.ar\/web\/wp-json\/wp\/v2\/users\/2"}],"replies":[{"embeddable":true,"href":"https:\/\/nitidoaluminio.com.ar\/web\/wp-json\/wp\/v2\/comments?post=6402"}],"version-history":[{"count":10,"href":"https:\/\/nitidoaluminio.com.ar\/web\/wp-json\/wp\/v2\/pages\/6402\/revisions"}],"predecessor-version":[{"id":6775,"href":"https:\/\/nitidoaluminio.com.ar\/web\/wp-json\/wp\/v2\/pages\/6402\/revisions\/6775"}],"wp:featuredmedia":[{"embeddable":true,"href":"https:\/\/nitidoaluminio.com.ar\/web\/wp-json\/wp\/v2\/media\/6695"}],"wp:attachment":[{"href":"https:\/\/nitidoaluminio.com.ar\/web\/wp-json\/wp\/v2\/media?parent=6402"}],"curies":[{"name":"wp","href":"https:\/\/api.w.org\/{rel}","templated":true}]}}

<div id="pl-6402"  class="panel-layout" ><div id="pg-6402-0"  class="panel-grid panel-no-style" ><div id="pgc-6402-0-0"  class="panel-grid-cell" ><div id="panel-6402-0-0-0" class="so-panel widget widget_sow-editor panel-first-child panel-last-child" data-index="0" ><div class="so-widget-sow-editor so-widget-sow-editor-base">
<div class="siteorigin-widget-tinymce textwidget">
	<p>	<span style="font-size: medium;">Este sistema brinda una solución práctica y de calidad a las viviendas tipo y edificios, de acuerdo a los estándares constructivos y arquitectónicos de la actualidad. El diseño de este sistema permite la combinación con perfiles de líneas básicas, logrando excelente resultados de funcionalidad y precio. </span></p>
</div>
</div></div></div><div id="pgc-6402-0-1"  class="panel-grid-cell" ><div id="panel-6402-0-1-0" class="so-panel widget widget_sow-accordion panel-first-child panel-last-child" data-index="1" ><div class="so-widget-sow-accordion so-widget-sow-accordion-default-99be652ed941-6402"><div>
	<div class="sow-accordion">
			<div class="sow-accordion-panel"
			 data-anchor="tipolog%c3%adas-disponibles">
				<div class="sow-accordion-panel-header-container" role="heading" aria-level="2">
					<div class="sow-accordion-panel-header" tabindex="0" role="button" id="accordion-label-tipolog%c3%adas-disponibles" aria-controls="accordion-content-tipolog%c3%adas-disponibles" aria-expanded="false">
						<div class="sow-accordion-title sow-accordion-title-icon-left">
														Tipologías disponibles													</div>
						<div class="sow-accordion-open-close-button">
							<div class="sow-accordion-open-button">
								<span class="sow-icon-ionicons" data-sow-icon="&#xf218;"
		 ></span>							</div>
							<div class="sow-accordion-close-button">
								<span class="sow-icon-ionicons" data-sow-icon="&#xf209;"
		 ></span>							</div>
						</div>
					</div>
				</div>

			<div class="sow-accordion-panel-content" role="region" aria-labelledby="accordion-label-tipolog%c3%adas-disponibles" id="accordion-content-tipolog%c3%adas-disponibles">
				<div class="sow-accordion-panel-border" tabindex="0">
					•Ventana desplazable</p>
•Paño fijo</p>
•Ventana de abrir oscilobatiente</p>
•Puerta de rebatir</p>
•Ventana banderola</p>
•Ventana ventiluz</p>
•Ventana y puerta corrediza a 45º</p>
				</div>
			</div>
		</div>
		</div>
</div>
</div></div></div></div><div id="pg-6402-1"  class="panel-grid panel-no-style" ><div id="pgc-6402-1-0"  class="panel-grid-cell" ><div id="panel-6402-1-0-0" class="so-panel widget widget_sow-image panel-first-child panel-last-child" data-index="2" ><div class="so-widget-sow-image so-widget-sow-image-default-17bc2272b535-6402">

<div class="sow-image-container">
		<img src="https://nitidoaluminio.com.ar/web/wp-content/uploads/2019/08/Vesta.jpg" width="270" height="270" srcset="https://nitidoaluminio.com.ar/web/wp-content/uploads/2019/08/Vesta.jpg 270w, https://nitidoaluminio.com.ar/web/wp-content/uploads/2019/08/Vesta-150x150.jpg 150w" sizes="(max-width: 270px) 100vw, 270px" alt="" loading="lazy" 		class="so-widget-image"/>
	</div>

</div></div></div><div id="pgc-6402-1-1"  class="panel-grid-cell" ><div id="panel-6402-1-1-0" class="so-panel widget widget_sow-image panel-first-child panel-last-child" data-index="3" ><div class="so-widget-sow-image so-widget-sow-image-default-17bc2272b535-6402">

<div class="sow-image-container">
		<img src="https://nitidoaluminio.com.ar/web/wp-content/uploads/2019/08/Vesta-Corrediza.jpg" width="270" height="270" srcset="https://nitidoaluminio.com.ar/web/wp-content/uploads/2019/08/Vesta-Corrediza.jpg 270w, https://nitidoaluminio.com.ar/web/wp-content/uploads/2019/08/Vesta-Corrediza-150x150.jpg 150w" sizes="(max-width: 270px) 100vw, 270px" alt="" loading="lazy" 		class="so-widget-image"/>
	</div>

</div></div></div></div></div>

<p>Este sistema brinda una solución práctica y de calidad a las viviendas tipo y edificios, de acuerdo a los estándares constructivos y arquitectónicos de la actualidad. El diseño de este sistema permite la combinación con perfiles de líneas básicas, logrando excelente resultados de funcionalidad y precio.</p>
