{"id":6394,"date":"2019-08-23T18:48:11","date_gmt":"2019-08-23T18:48:11","guid":{"rendered":"http:\/\/nitidoaluminio.com.ar\/web\/?page_id=6394"},"modified":"2019-10-25T17:57:03","modified_gmt":"2019-10-25T17:57:03","slug":"modena-2","status":"publish","type":"page","link":"https:\/\/nitidoaluminio.com.ar\/web\/modena-2\/","title":{"rendered":"Modena 2"},"content":{"rendered":"<div id=\"pl-6394\"  class=\"panel-layout\" ><div id=\"pg-6394-0\"  class=\"panel-grid panel-no-style\" ><div id=\"pgc-6394-0-0\"  class=\"panel-grid-cell\" ><div id=\"panel-6394-0-0-0\" class=\"so-panel widget widget_sow-editor panel-first-child panel-last-child\" data-index=\"0\" ><div class=\"so-widget-sow-editor so-widget-sow-editor-base\">\n<div class=\"siteorigin-widget-tinymce textwidget\">\n\t<p><span style=\"font-size: medium;\">Es la evoluci\u00f3n del sistema M\u00f3dena 1, el m\u00e1s tradicional en Argentina, en tecnolog\u00eda, calidad, dise\u00f1o y funcionalidad. M\u00f3dena 2 es un Sistema de Carpinter\u00eda innovador que, sin cambiar sus accesorios ha mejorado el aspecto exterior. <\/span><\/p>\n<\/div>\n<\/div><\/div><\/div><div id=\"pgc-6394-0-1\"  class=\"panel-grid-cell\" ><div id=\"panel-6394-0-1-0\" class=\"so-panel widget widget_sow-accordion panel-first-child panel-last-child\" data-index=\"1\" ><div class=\"so-widget-sow-accordion so-widget-sow-accordion-default-99be652ed941-6394\"><div>\n\t<div class=\"sow-accordion\">\n\t\t\t<div class=\"sow-accordion-panel\"\n\t\t\t data-anchor=\"tipolog%c3%adas-disponibles\">\n\t\t\t\t<div class=\"sow-accordion-panel-header-container\" role=\"heading\" aria-level=\"2\">\n\t\t\t\t\t<div class=\"sow-accordion-panel-header\" tabindex=\"0\" role=\"button\" id=\"accordion-label-tipolog%c3%adas-disponibles\" aria-controls=\"accordion-content-tipolog%c3%adas-disponibles\" aria-expanded=\"false\">\n\t\t\t\t\t\t<div class=\"sow-accordion-title sow-accordion-title-icon-left\">\n\t\t\t\t\t\t\t\t\t\t\t\t\t\tTipolog\u00edas disponibles\t\t\t\t\t\t\t\t\t\t\t\t\t<\/div>\n\t\t\t\t\t\t<div class=\"sow-accordion-open-close-button\">\n\t\t\t\t\t\t\t<div class=\"sow-accordion-open-button\">\n\t\t\t\t\t\t\t\t<span class=\"sow-icon-ionicons\" data-sow-icon=\"&#xf218;\"\n\t\t ><\/span>\t\t\t\t\t\t\t<\/div>\n\t\t\t\t\t\t\t<div class=\"sow-accordion-close-button\">\n\t\t\t\t\t\t\t\t<span class=\"sow-icon-ionicons\" data-sow-icon=\"&#xf209;\"\n\t\t ><\/span>\t\t\t\t\t\t\t<\/div>\n\t\t\t\t\t\t<\/div>\n\t\t\t\t\t<\/div>\n\t\t\t\t<\/div>\n\n\t\t\t<div class=\"sow-accordion-panel-content\" role=\"region\" aria-labelledby=\"accordion-label-tipolog%c3%adas-disponibles\" id=\"accordion-content-tipolog%c3%adas-disponibles\">\n\t\t\t\t<div class=\"sow-accordion-panel-border\" tabindex=\"0\">\n\t\t\t\t\t<p>\u2022Ventana desplazable<\/p>\n<p>\u2022Pa\u00f1o fijo<\/p>\n<p>\u2022Ventana y Puerta Corrediza corte a 45\u00b0<\/p>\n<p>\u2022Ventana de abrir oscilobatiente<\/p>\n<p>\u2022Puerta de rebatir<\/p>\n<p>\u2022Ventana banderola<\/p>\n<p>\u2022Postig\u00f3n de rebatir<\/p>\n<p>\u2022Ventana ventiluz<\/p>\n<p>\u2022Ventana y puerta corrediza corte a 90\u00ba<\/p>\n<p>\u2022Ventana Guillotina<\/p>\n\t\t\t\t<\/div>\n\t\t\t<\/div>\n\t\t<\/div>\n\t\t<\/div>\n<\/div>\n<\/div><\/div><\/div><\/div><div id=\"pg-6394-1\"  class=\"panel-grid panel-no-style\" ><div id=\"pgc-6394-1-0\"  class=\"panel-grid-cell\" ><div id=\"panel-6394-1-0-0\" class=\"so-panel widget widget_sow-image panel-first-child panel-last-child\" data-index=\"2\" ><div class=\"so-widget-sow-image so-widget-sow-image-default-17bc2272b535-6394\">\n\n<div class=\"sow-image-container\">\n\t\t<img src=\"https:\/\/nitidoaluminio.com.ar\/web\/wp-content\/uploads\/2019\/08\/Modena-2-270x270.jpg\" width=\"270\" height=\"270\" srcset=\"https:\/\/nitidoaluminio.com.ar\/web\/wp-content\/uploads\/2019\/08\/Modena-2-270x270.jpg 270w, https:\/\/nitidoaluminio.com.ar\/web\/wp-content\/uploads\/2019\/08\/Modena-2-270x270-150x150.jpg 150w\" sizes=\"(max-width: 270px) 100vw, 270px\" title=\"Modena-2-270&#215;270\" alt=\"\" loading=\"lazy\" \t\tclass=\"so-widget-image\"\/>\n\t<\/div>\n\n<\/div><\/div><\/div><div id=\"pgc-6394-1-1\"  class=\"panel-grid-cell\" ><div id=\"panel-6394-1-1-0\" class=\"so-panel widget widget_sow-image panel-first-child panel-last-child\" data-index=\"3\" ><div class=\"so-widget-sow-image so-widget-sow-image-default-17bc2272b535-6394\">\n\n<div class=\"sow-image-container\">\n\t\t<img src=\"https:\/\/nitidoaluminio.com.ar\/web\/wp-content\/uploads\/2019\/08\/Modena-2-Corrediza.jpg\" width=\"270\" height=\"270\" srcset=\"https:\/\/nitidoaluminio.com.ar\/web\/wp-content\/uploads\/2019\/08\/Modena-2-Corrediza.jpg 270w, https:\/\/nitidoaluminio.com.ar\/web\/wp-content\/uploads\/2019\/08\/Modena-2-Corrediza-150x150.jpg 150w\" sizes=\"(max-width: 270px) 100vw, 270px\" alt=\"\" loading=\"lazy\" \t\tclass=\"so-widget-image\"\/>\n\t<\/div>\n\n<\/div><\/div><\/div><\/div><\/div>","protected":false},"excerpt":{"rendered":"<p>Es la evoluci\u00f3n del sistema M\u00f3dena 1, el m\u00e1s tradicional en Argentina, en tecnolog\u00eda, calidad, dise\u00f1o y funcionalidad. M\u00f3dena 2 es un Sistema de Carpinter\u00eda innovador que, sin cambiar sus accesorios ha mejorado el aspecto exterior.<\/p>\n","protected":false},"author":2,"featured_media":6695,"parent":0,"menu_order":0,"comment_status":"closed","ping_status":"closed","template":"full-width.php","meta":{"ngg_post_thumbnail":0},"_links":{"self":[{"href":"https:\/\/nitidoaluminio.com.ar\/web\/wp-json\/wp\/v2\/pages\/6394"}],"collection":[{"href":"https:\/\/nitidoaluminio.com.ar\/web\/wp-json\/wp\/v2\/pages"}],"about":[{"href":"https:\/\/nitidoaluminio.com.ar\/web\/wp-json\/wp\/v2\/types\/page"}],"author":[{"embeddable":true,"href":"https:\/\/nitidoaluminio.com.ar\/web\/wp-json\/wp\/v2\/users\/2"}],"replies":[{"embeddable":true,"href":"https:\/\/nitidoaluminio.com.ar\/web\/wp-json\/wp\/v2\/comments?post=6394"}],"version-history":[{"count":6,"href":"https:\/\/nitidoaluminio.com.ar\/web\/wp-json\/wp\/v2\/pages\/6394\/revisions"}],"predecessor-version":[{"id":6773,"href":"https:\/\/nitidoaluminio.com.ar\/web\/wp-json\/wp\/v2\/pages\/6394\/revisions\/6773"}],"wp:featuredmedia":[{"embeddable":true,"href":"https:\/\/nitidoaluminio.com.ar\/web\/wp-json\/wp\/v2\/media\/6695"}],"wp:attachment":[{"href":"https:\/\/nitidoaluminio.com.ar\/web\/wp-json\/wp\/v2\/media?parent=6394"}],"curies":[{"name":"wp","href":"https:\/\/api.w.org\/{rel}","templated":true}]}}

<div id="pl-6394"  class="panel-layout" ><div id="pg-6394-0"  class="panel-grid panel-no-style" ><div id="pgc-6394-0-0"  class="panel-grid-cell" ><div id="panel-6394-0-0-0" class="so-panel widget widget_sow-editor panel-first-child panel-last-child" data-index="0" ><div class="so-widget-sow-editor so-widget-sow-editor-base">
<div class="siteorigin-widget-tinymce textwidget">
	<p><span style="font-size: medium;">Es la evolución del sistema Módena 1, el más tradicional en Argentina, en tecnología, calidad, diseño y funcionalidad. Módena 2 es un Sistema de Carpintería innovador que, sin cambiar sus accesorios ha mejorado el aspecto exterior. </span></p>
</div>
</div></div></div><div id="pgc-6394-0-1"  class="panel-grid-cell" ><div id="panel-6394-0-1-0" class="so-panel widget widget_sow-accordion panel-first-child panel-last-child" data-index="1" ><div class="so-widget-sow-accordion so-widget-sow-accordion-default-99be652ed941-6394"><div>
	<div class="sow-accordion">
			<div class="sow-accordion-panel"
			 data-anchor="tipolog%c3%adas-disponibles">
				<div class="sow-accordion-panel-header-container" role="heading" aria-level="2">
					<div class="sow-accordion-panel-header" tabindex="0" role="button" id="accordion-label-tipolog%c3%adas-disponibles" aria-controls="accordion-content-tipolog%c3%adas-disponibles" aria-expanded="false">
						<div class="sow-accordion-title sow-accordion-title-icon-left">
														Tipologías disponibles													</div>
						<div class="sow-accordion-open-close-button">
							<div class="sow-accordion-open-button">
								<span class="sow-icon-ionicons" data-sow-icon="&#xf218;"
		 ></span>							</div>
							<div class="sow-accordion-close-button">
								<span class="sow-icon-ionicons" data-sow-icon="&#xf209;"
		 ></span>							</div>
						</div>
					</div>
				</div>

			<div class="sow-accordion-panel-content" role="region" aria-labelledby="accordion-label-tipolog%c3%adas-disponibles" id="accordion-content-tipolog%c3%adas-disponibles">
				<div class="sow-accordion-panel-border" tabindex="0">
					<p>•Ventana desplazable</p>
<p>•Paño fijo</p>
<p>•Ventana y Puerta Corrediza corte a 45°</p>
<p>•Ventana de abrir oscilobatiente</p>
<p>•Puerta de rebatir</p>
<p>•Ventana banderola</p>
<p>•Postigón de rebatir</p>
<p>•Ventana ventiluz</p>
<p>•Ventana y puerta corrediza corte a 90º</p>
<p>•Ventana Guillotina</p>
				</div>
			</div>
		</div>
		</div>
</div>
</div></div></div></div><div id="pg-6394-1"  class="panel-grid panel-no-style" ><div id="pgc-6394-1-0"  class="panel-grid-cell" ><div id="panel-6394-1-0-0" class="so-panel widget widget_sow-image panel-first-child panel-last-child" data-index="2" ><div class="so-widget-sow-image so-widget-sow-image-default-17bc2272b535-6394">

<div class="sow-image-container">
		<img src="https://nitidoaluminio.com.ar/web/wp-content/uploads/2019/08/Modena-2-270x270.jpg" width="270" height="270" srcset="https://nitidoaluminio.com.ar/web/wp-content/uploads/2019/08/Modena-2-270x270.jpg 270w, https://nitidoaluminio.com.ar/web/wp-content/uploads/2019/08/Modena-2-270x270-150x150.jpg 150w" sizes="(max-width: 270px) 100vw, 270px" title="Modena-2-270&#215;270" alt="" loading="lazy" 		class="so-widget-image"/>
	</div>

</div></div></div><div id="pgc-6394-1-1"  class="panel-grid-cell" ><div id="panel-6394-1-1-0" class="so-panel widget widget_sow-image panel-first-child panel-last-child" data-index="3" ><div class="so-widget-sow-image so-widget-sow-image-default-17bc2272b535-6394">

<div class="sow-image-container">
		<img src="https://nitidoaluminio.com.ar/web/wp-content/uploads/2019/08/Modena-2-Corrediza.jpg" width="270" height="270" srcset="https://nitidoaluminio.com.ar/web/wp-content/uploads/2019/08/Modena-2-Corrediza.jpg 270w, https://nitidoaluminio.com.ar/web/wp-content/uploads/2019/08/Modena-2-Corrediza-150x150.jpg 150w" sizes="(max-width: 270px) 100vw, 270px" alt="" loading="lazy" 		class="so-widget-image"/>
	</div>

</div></div></div></div></div>

<p>Es la evolución del sistema Módena 1, el más tradicional en Argentina, en tecnología, calidad, diseño y funcionalidad. Módena 2 es un Sistema de Carpintería innovador que, sin cambiar sus accesorios ha mejorado el aspecto exterior.</p>
