{"id":6388,"date":"2019-08-23T18:47:22","date_gmt":"2019-08-23T18:47:22","guid":{"rendered":"http:\/\/nitidoaluminio.com.ar\/web\/?page_id=6388"},"modified":"2019-10-25T17:56:52","modified_gmt":"2019-10-25T17:56:52","slug":"a-30-new","status":"publish","type":"page","link":"https:\/\/nitidoaluminio.com.ar\/web\/a-30-new\/","title":{"rendered":"A 30 New"},"content":{"rendered":"<div id=\"pl-6388\"  class=\"panel-layout\" ><div id=\"pg-6388-0\"  class=\"panel-grid panel-no-style\" ><div id=\"pgc-6388-0-0\"  class=\"panel-grid-cell\" ><div id=\"panel-6388-0-0-0\" class=\"so-panel widget widget_sow-editor panel-first-child panel-last-child\" data-index=\"0\" ><div class=\"so-widget-sow-editor so-widget-sow-editor-base\">\n<div class=\"siteorigin-widget-tinymce textwidget\">\n\t<p><span style=\"font-size: medium;\">Es un Sistema de Carpinter\u00eda de gran prestigio en el mercado, utilizado en las obras m\u00e1s emblem\u00e1ticas debido a su dise\u00f1o y excelente performance. El estilo y elegancia de sus l\u00edneas redondeadas, sus amplias posibilidades constructivas y la variedad de tipolog\u00edas, ofrecen una herramienta de alta prestaci\u00f3n en la realizaci\u00f3n de los proyectos. Se puede utilizar vidrio simple o Doble Vidriado Herm\u00e9tico (DVH), en las corredizas de aplicaci\u00f3n encapsulada y en las batientes con contravidrio de borde recto o curvo. A30 New s\u00f3lo admite accesorios de alta calidad, lo cual garantiza un \u00f3ptimo funcionamiento de las aberturas en su uso cotidiano. <\/span><\/p>\n<\/div>\n<\/div><\/div><\/div><div id=\"pgc-6388-0-1\"  class=\"panel-grid-cell\" ><div id=\"panel-6388-0-1-0\" class=\"so-panel widget widget_sow-accordion panel-first-child panel-last-child\" data-index=\"1\" ><div class=\"so-widget-sow-accordion so-widget-sow-accordion-default-99be652ed941-6388\"><div>\n\t<div class=\"sow-accordion\">\n\t\t\t<div class=\"sow-accordion-panel\"\n\t\t\t data-anchor=\"tipolog%c3%adas-disponibles\">\n\t\t\t\t<div class=\"sow-accordion-panel-header-container\" role=\"heading\" aria-level=\"2\">\n\t\t\t\t\t<div class=\"sow-accordion-panel-header\" tabindex=\"0\" role=\"button\" id=\"accordion-label-tipolog%c3%adas-disponibles\" aria-controls=\"accordion-content-tipolog%c3%adas-disponibles\" aria-expanded=\"false\">\n\t\t\t\t\t\t<div class=\"sow-accordion-title sow-accordion-title-icon-left\">\n\t\t\t\t\t\t\t\t\t\t\t\t\t\tTipolog\u00edas disponibles\t\t\t\t\t\t\t\t\t\t\t\t\t<\/div>\n\t\t\t\t\t\t<div class=\"sow-accordion-open-close-button\">\n\t\t\t\t\t\t\t<div class=\"sow-accordion-open-button\">\n\t\t\t\t\t\t\t\t<span class=\"sow-icon-ionicons\" data-sow-icon=\"&#xf218;\"\n\t\t ><\/span>\t\t\t\t\t\t\t<\/div>\n\t\t\t\t\t\t\t<div class=\"sow-accordion-close-button\">\n\t\t\t\t\t\t\t\t<span class=\"sow-icon-ionicons\" data-sow-icon=\"&#xf209;\"\n\t\t ><\/span>\t\t\t\t\t\t\t<\/div>\n\t\t\t\t\t\t<\/div>\n\t\t\t\t\t<\/div>\n\t\t\t\t<\/div>\n\n\t\t\t<div class=\"sow-accordion-panel-content\" role=\"region\" aria-labelledby=\"accordion-label-tipolog%c3%adas-disponibles\" id=\"accordion-content-tipolog%c3%adas-disponibles\">\n\t\t\t\t<div class=\"sow-accordion-panel-border\" tabindex=\"0\">\n\t\t\t\t\t<p>\u2022Ventana desplazable<\/p>\n<p>\u2022Pa\u00f1o fijo<\/p>\n<p>\u2022Puerta de rebatir de 1 y 2 hojas<\/p>\n<p>\u2022Ventana y Puerta corrediza de 2, 3 y 4 hojas<\/p>\n<p>\u2022Ventana de abrir oscilobatiente de 1 y 2 hojas<\/p>\n<p>\u2022Puerta vaiv\u00e9n de 1 y 2 hojas<\/p>\n\t\t\t\t<\/div>\n\t\t\t<\/div>\n\t\t<\/div>\n\t\t<\/div>\n<\/div>\n<\/div><\/div><\/div><\/div><div id=\"pg-6388-1\"  class=\"panel-grid panel-no-style\" ><div id=\"pgc-6388-1-0\"  class=\"panel-grid-cell\" ><div id=\"panel-6388-1-0-0\" class=\"so-panel widget widget_sow-image panel-first-child panel-last-child\" data-index=\"2\" ><div class=\"so-widget-sow-image so-widget-sow-image-default-17bc2272b535-6388\">\n\n<div class=\"sow-image-container\">\n\t\t<img src=\"https:\/\/nitidoaluminio.com.ar\/web\/wp-content\/uploads\/2019\/08\/A30-New-Batiente-270x270.jpg\" width=\"270\" height=\"270\" srcset=\"https:\/\/nitidoaluminio.com.ar\/web\/wp-content\/uploads\/2019\/08\/A30-New-Batiente-270x270.jpg 270w, https:\/\/nitidoaluminio.com.ar\/web\/wp-content\/uploads\/2019\/08\/A30-New-Batiente-270x270-150x150.jpg 150w\" sizes=\"(max-width: 270px) 100vw, 270px\" title=\"A30-New-Batiente-270&#215;270\" alt=\"\" loading=\"lazy\" \t\tclass=\"so-widget-image\"\/>\n\t<\/div>\n\n<\/div><\/div><\/div><div id=\"pgc-6388-1-1\"  class=\"panel-grid-cell\" ><div id=\"panel-6388-1-1-0\" class=\"so-panel widget widget_sow-image panel-first-child panel-last-child\" data-index=\"3\" ><div class=\"so-widget-sow-image so-widget-sow-image-default-17bc2272b535-6388\">\n\n<div class=\"sow-image-container\">\n\t\t<img src=\"https:\/\/nitidoaluminio.com.ar\/web\/wp-content\/uploads\/2019\/08\/A30-New-Corrediza.jpg\" width=\"270\" height=\"270\" srcset=\"https:\/\/nitidoaluminio.com.ar\/web\/wp-content\/uploads\/2019\/08\/A30-New-Corrediza.jpg 270w, https:\/\/nitidoaluminio.com.ar\/web\/wp-content\/uploads\/2019\/08\/A30-New-Corrediza-150x150.jpg 150w\" sizes=\"(max-width: 270px) 100vw, 270px\" alt=\"\" loading=\"lazy\" \t\tclass=\"so-widget-image\"\/>\n\t<\/div>\n\n<\/div><\/div><\/div><\/div><\/div>","protected":false},"excerpt":{"rendered":"<p>Es un Sistema de Carpinter\u00eda de gran prestigio en el mercado, utilizado en las obras m\u00e1s emblem\u00e1ticas debido a su dise\u00f1o y excelente performance. El estilo y elegancia de sus l\u00edneas redondeadas, sus amplias posibilidades constructivas y la variedad de tipolog\u00edas, ofrecen una herramienta de alta prestaci\u00f3n en la realizaci\u00f3n de los proyectos. Se puede&#8230; <\/p>\n","protected":false},"author":2,"featured_media":6695,"parent":0,"menu_order":0,"comment_status":"closed","ping_status":"closed","template":"full-width.php","meta":{"ngg_post_thumbnail":0},"_links":{"self":[{"href":"https:\/\/nitidoaluminio.com.ar\/web\/wp-json\/wp\/v2\/pages\/6388"}],"collection":[{"href":"https:\/\/nitidoaluminio.com.ar\/web\/wp-json\/wp\/v2\/pages"}],"about":[{"href":"https:\/\/nitidoaluminio.com.ar\/web\/wp-json\/wp\/v2\/types\/page"}],"author":[{"embeddable":true,"href":"https:\/\/nitidoaluminio.com.ar\/web\/wp-json\/wp\/v2\/users\/2"}],"replies":[{"embeddable":true,"href":"https:\/\/nitidoaluminio.com.ar\/web\/wp-json\/wp\/v2\/comments?post=6388"}],"version-history":[{"count":6,"href":"https:\/\/nitidoaluminio.com.ar\/web\/wp-json\/wp\/v2\/pages\/6388\/revisions"}],"predecessor-version":[{"id":6771,"href":"https:\/\/nitidoaluminio.com.ar\/web\/wp-json\/wp\/v2\/pages\/6388\/revisions\/6771"}],"wp:featuredmedia":[{"embeddable":true,"href":"https:\/\/nitidoaluminio.com.ar\/web\/wp-json\/wp\/v2\/media\/6695"}],"wp:attachment":[{"href":"https:\/\/nitidoaluminio.com.ar\/web\/wp-json\/wp\/v2\/media?parent=6388"}],"curies":[{"name":"wp","href":"https:\/\/api.w.org\/{rel}","templated":true}]}}